{"id":10151,"date":"2024-11-05T07:57:53","date_gmt":"2024-11-05T06:57:53","guid":{"rendered":"https:\/\/fundacjaprzyjdz.pl\/sklep\/?post_type=product&#038;p=10151"},"modified":"2024-12-16T16:00:12","modified_gmt":"2024-12-16T15:00:12","slug":"drewniana-szopka-sztaluga-ozdoba","status":"publish","type":"product","link":"https:\/\/fundacjaprzyjdz.pl\/sklep\/produkt\/drewniana-szopka-sztaluga-ozdoba\/","title":{"rendered":"Drewniana szopka na sztaludze"},"content":{"rendered":"<p>Przedstawiamy Pa\u0144stwu wyj\u0105tkow\u0105 szopk\u0119 betlejemsk\u0105, wykonan\u0105 z drewna, kt\u00f3ra przenosi w wyj\u0105tkowy \u015bwiat Bo\u017cego Narodzenia. Jej elegancki design i artystyczne wykonanie sprawiaj\u0105, \u017ce staje si\u0119 nie tylko dekoracj\u0105 ale zachwyci ka\u017cdego, kto na ni\u0105 spojrzy. Szopka jest przymocowana do solidnego tekturowego t\u0142a w odcieniach starego pergaminu, co nadaje jej niepowtarzalny charakter i wyj\u0105tkowy urok. Na podk\u0142adzie wygrawerowany jest pi\u0119kny cytat z Biblii, kt\u00f3ry wzbogaca t\u0119 kompozycj\u0119 o g\u0142\u0119bsze przes\u0142anie i inspiracj\u0119, czyni\u0105c j\u0105 idealnym upominkiem dla bliskich.<\/p>\n<p>Osadzona na drewnianej sztaludze nie tylko prezentuje si\u0119 wspaniale, ale tak\u017ce staje si\u0119 trwa\u0142ym elementem \u015bwi\u0105tecznej dekoracji, kt\u00f3ry przetrwa przez lata, przypominaj\u0105c o najwa\u017cniejszych warto\u015bciach i tradycjach.<\/p>\n<p>Niech ta niezwyk\u0142a szopka b\u0119dzie cz\u0119\u015bci\u0105 Twojego domu i serca, przynosz\u0105c rado\u015b\u0107 i ciep\u0142o w ka\u017cdym \u015bwi\u0105tecznym momencie. Spraw sobie lub bliskim niezapomniany upominek, kt\u00f3ry wprowadzi niezapomnian\u0105 atmosfer\u0119 do Waszych rodzinnych spotka\u0144!<\/p>\n<p>Wymiary: 20 x 14,5 cm<\/p>\n<p><strong>Zastosowanie:<\/strong><\/p>\n<ul>\n<li>ozdoba \u015bwi\u0105teczna<\/li>\n<li>prezent<\/li>\n<li>pami\u0105tka<\/li>\n<li>dekoracja<\/li>\n<li>upominek firmowy<\/li>\n<li>element wystroju \u015bwi\u0105tecznego sto\u0142u<\/li>\n<\/ul>\n","protected":false},"excerpt":{"rendered":"<p>Bombka choinkowa wz. 07 ze stylizowan\u0105 \u015bnie\u017cynk\u0105 jest ekologiczna, drewniana i niet\u0142uk\u0105ca si\u0119! Jej oryginalny kszta\u0142t oraz wyj\u0105tkowy wz\u00f3r z powodzeniem ozdobi\u0105 Twoje drzewko bo\u017conarodzeniowe i nadadz\u0105 wyj\u0105tkowego charakteru otoczeniu.<\/p>\n","protected":false},"featured_media":10183,"comment_status":"open","ping_status":"closed","template":"","meta":[],"product_brand":[],"product_cat":[190,74,79],"product_tag":[],"class_list":{"0":"post-10151","1":"product","2":"type-product","3":"status-publish","4":"has-post-thumbnail","6":"product_cat-bombki-choinkowe","7":"product_cat-boze-narodzenie","8":"product_cat-dekoracyjne","10":"first","11":"instock","12":"shipping-taxable","13":"purchasable","14":"product-type-simple"},"yoast_head":"<!-- This site is optimized with the Yoast SEO Premium plugin v19.0.1 (Yoast SEO v27.4) - https:\/\/yoast.com\/product\/yoast-seo-premium-wordpress\/ -->\n<title>Drewniana szopka na sztaludze - Sklep Fundacji Przyjd\u017a<\/title>\n<meta name=\"robots\" content=\"index, follow, max-snippet:-1, max-image-preview:large, max-video-preview:-1\" \/>\n<link rel=\"canonical\" href=\"https:\/\/fundacjaprzyjdz.pl\/sklep\/produkt\/drewniana-szopka-sztaluga-ozdoba\/\" \/>\n<meta property=\"og:locale\" content=\"pl_PL\" \/>\n<meta property=\"og:type\" content=\"article\" \/>\n<meta property=\"og:title\" content=\"Drewniana szopka na sztaludze\" \/>\n<meta property=\"og:description\" content=\"Bombka choinkowa wz. 07 ze stylizowan\u0105 \u015bnie\u017cynk\u0105 jest ekologiczna, drewniana i niet\u0142uk\u0105ca si\u0119! Jej oryginalny kszta\u0142t oraz wyj\u0105tkowy wz\u00f3r z powodzeniem ozdobi\u0105 Twoje drzewko bo\u017conarodzeniowe i nadadz\u0105 wyj\u0105tkowego charakteru otoczeniu.\" \/>\n<meta property=\"og:url\" content=\"https:\/\/fundacjaprzyjdz.pl\/sklep\/produkt\/drewniana-szopka-sztaluga-ozdoba\/\" \/>\n<meta property=\"og:site_name\" content=\"Sklep Fundacji Przyjd\u017a\" \/>\n<meta property=\"article:publisher\" content=\"https:\/\/www.facebook.com\/fundacjaprzyjdz\/\" \/>\n<meta property=\"article:modified_time\" content=\"2024-12-16T15:00:12+00:00\" \/>\n<meta property=\"og:image\" content=\"https:\/\/fundacjaprzyjdz.pl\/sklep\/wp-content\/uploads\/2024\/11\/Szopka_kartka-entry.jpg\" \/>\n\t<meta property=\"og:image:width\" content=\"800\" \/>\n\t<meta property=\"og:image:height\" content=\"800\" \/>\n\t<meta property=\"og:image:type\" content=\"image\/jpeg\" \/>\n<meta name=\"twitter:card\" content=\"summary_large_image\" \/>\n<meta name=\"twitter:label1\" content=\"Cena\" \/>\n\t<meta name=\"twitter:data1\" content=\"17,00&nbsp;&#122;&#322;\" \/>\n\t<meta name=\"twitter:label2\" content=\"Availability\" \/>\n\t<meta name=\"twitter:data2\" content=\"In stock\" \/>\n<script type=\"application\/ld+json\" class=\"yoast-schema-graph\">{\"@context\":\"https:\\\/\\\/schema.org\",\"@graph\":[{\"@type\":\"WebPage\",\"@id\":\"https:\\\/\\\/fundacjaprzyjdz.pl\\\/sklep\\\/produkt\\\/drewniana-szopka-sztaluga-ozdoba\\\/\",\"url\":\"https:\\\/\\\/fundacjaprzyjdz.pl\\\/sklep\\\/produkt\\\/drewniana-szopka-sztaluga-ozdoba\\\/\",\"name\":\"Drewniana szopka na sztaludze - Sklep Fundacji Przyjd\u017a\",\"isPartOf\":{\"@id\":\"https:\\\/\\\/fundacjaprzyjdz.pl\\\/sklep\\\/#website\"},\"primaryImageOfPage\":{\"@id\":\"https:\\\/\\\/fundacjaprzyjdz.pl\\\/sklep\\\/produkt\\\/drewniana-szopka-sztaluga-ozdoba\\\/#primaryimage\"},\"image\":{\"@id\":\"https:\\\/\\\/fundacjaprzyjdz.pl\\\/sklep\\\/produkt\\\/drewniana-szopka-sztaluga-ozdoba\\\/#primaryimage\"},\"thumbnailUrl\":\"https:\\\/\\\/fundacjaprzyjdz.pl\\\/sklep\\\/wp-content\\\/uploads\\\/2024\\\/11\\\/Szopka_kartka-entry.jpg\",\"datePublished\":\"2024-11-05T06:57:53+00:00\",\"dateModified\":\"2024-12-16T15:00:12+00:00\",\"breadcrumb\":{\"@id\":\"https:\\\/\\\/fundacjaprzyjdz.pl\\\/sklep\\\/produkt\\\/drewniana-szopka-sztaluga-ozdoba\\\/#breadcrumb\"},\"inLanguage\":\"pl-PL\",\"potentialAction\":[{\"@type\":\"ReadAction\",\"target\":[\"https:\\\/\\\/fundacjaprzyjdz.pl\\\/sklep\\\/produkt\\\/drewniana-szopka-sztaluga-ozdoba\\\/\"]}]},{\"@type\":\"ImageObject\",\"inLanguage\":\"pl-PL\",\"@id\":\"https:\\\/\\\/fundacjaprzyjdz.pl\\\/sklep\\\/produkt\\\/drewniana-szopka-sztaluga-ozdoba\\\/#primaryimage\",\"url\":\"https:\\\/\\\/fundacjaprzyjdz.pl\\\/sklep\\\/wp-content\\\/uploads\\\/2024\\\/11\\\/Szopka_kartka-entry.jpg\",\"contentUrl\":\"https:\\\/\\\/fundacjaprzyjdz.pl\\\/sklep\\\/wp-content\\\/uploads\\\/2024\\\/11\\\/Szopka_kartka-entry.jpg\",\"width\":800,\"height\":800,\"caption\":\"Szopka_kartka\"},{\"@type\":\"BreadcrumbList\",\"@id\":\"https:\\\/\\\/fundacjaprzyjdz.pl\\\/sklep\\\/produkt\\\/drewniana-szopka-sztaluga-ozdoba\\\/#breadcrumb\",\"itemListElement\":[{\"@type\":\"ListItem\",\"position\":1,\"name\":\"Strona g\u0142\u00f3wna\",\"item\":\"https:\\\/\\\/fundacjaprzyjdz.pl\\\/sklep\\\/\"},{\"@type\":\"ListItem\",\"position\":2,\"name\":\"Wszystkie produkty\",\"item\":\"https:\\\/\\\/fundacjaprzyjdz.pl\\\/sklep\\\/wszystkie-produkty\\\/\"},{\"@type\":\"ListItem\",\"position\":3,\"name\":\"Drewniana szopka na&nbsp;sztaludze\"}]},{\"@type\":\"WebSite\",\"@id\":\"https:\\\/\\\/fundacjaprzyjdz.pl\\\/sklep\\\/#website\",\"url\":\"https:\\\/\\\/fundacjaprzyjdz.pl\\\/sklep\\\/\",\"name\":\"Sklep Fundacji Przyjd\u017a\",\"description\":\"Ozdoby z drewna i nie tylko\",\"publisher\":{\"@id\":\"https:\\\/\\\/fundacjaprzyjdz.pl\\\/sklep\\\/#organization\"},\"potentialAction\":[{\"@type\":\"SearchAction\",\"target\":{\"@type\":\"EntryPoint\",\"urlTemplate\":\"https:\\\/\\\/fundacjaprzyjdz.pl\\\/sklep\\\/?s={search_term_string}\"},\"query-input\":{\"@type\":\"PropertyValueSpecification\",\"valueRequired\":true,\"valueName\":\"search_term_string\"}}],\"inLanguage\":\"pl-PL\"},{\"@type\":\"Organization\",\"@id\":\"https:\\\/\\\/fundacjaprzyjdz.pl\\\/sklep\\\/#organization\",\"name\":\"Sklep Fundacji \\\"Przyjd\u017a\\\"\",\"url\":\"https:\\\/\\\/fundacjaprzyjdz.pl\\\/sklep\\\/\",\"logo\":{\"@type\":\"ImageObject\",\"inLanguage\":\"pl-PL\",\"@id\":\"https:\\\/\\\/fundacjaprzyjdz.pl\\\/sklep\\\/#\\\/schema\\\/logo\\\/image\\\/\",\"url\":\"https:\\\/\\\/fundacjaprzyjdz.pl\\\/sklep\\\/wp-content\\\/uploads\\\/2021\\\/12\\\/FavIco.jpg\",\"contentUrl\":\"https:\\\/\\\/fundacjaprzyjdz.pl\\\/sklep\\\/wp-content\\\/uploads\\\/2021\\\/12\\\/FavIco.jpg\",\"width\":512,\"height\":512,\"caption\":\"Sklep Fundacji \\\"Przyjd\u017a\\\"\"},\"image\":{\"@id\":\"https:\\\/\\\/fundacjaprzyjdz.pl\\\/sklep\\\/#\\\/schema\\\/logo\\\/image\\\/\"},\"sameAs\":[\"https:\\\/\\\/www.facebook.com\\\/fundacjaprzyjdz\\\/\",\"https:\\\/\\\/www.instagram.com\\\/fundacja.przyjdz\\\/\"]}]}<\/script>\n<meta property=\"product:price:amount\" content=\"17.00\" \/>\n<meta property=\"product:price:currency\" content=\"PLN\" \/>\n<meta property=\"og:availability\" content=\"instock\" \/>\n<meta property=\"product:availability\" content=\"instock\" \/>\n<meta property=\"product:condition\" content=\"new\" \/>\n<!-- \/ Yoast SEO Premium plugin. -->","yoast_head_json":{"title":"Drewniana szopka na sztaludze - Sklep Fundacji Przyjd\u017a","robots":{"index":"index","follow":"follow","max-snippet":"max-snippet:-1","max-image-preview":"max-image-preview:large","max-video-preview":"max-video-preview:-1"},"canonical":"https:\/\/fundacjaprzyjdz.pl\/sklep\/produkt\/drewniana-szopka-sztaluga-ozdoba\/","og_locale":"pl_PL","og_type":"article","og_title":"Drewniana szopka na sztaludze","og_description":"Bombka choinkowa wz. 07 ze stylizowan\u0105 \u015bnie\u017cynk\u0105 jest ekologiczna, drewniana i niet\u0142uk\u0105ca si\u0119! Jej oryginalny kszta\u0142t oraz wyj\u0105tkowy wz\u00f3r z powodzeniem ozdobi\u0105 Twoje drzewko bo\u017conarodzeniowe i nadadz\u0105 wyj\u0105tkowego charakteru otoczeniu.","og_url":"https:\/\/fundacjaprzyjdz.pl\/sklep\/produkt\/drewniana-szopka-sztaluga-ozdoba\/","og_site_name":"Sklep Fundacji Przyjd\u017a","article_publisher":"https:\/\/www.facebook.com\/fundacjaprzyjdz\/","article_modified_time":"2024-12-16T15:00:12+00:00","og_image":[{"width":800,"height":800,"url":"https:\/\/fundacjaprzyjdz.pl\/sklep\/wp-content\/uploads\/2024\/11\/Szopka_kartka-entry.jpg","type":"image\/jpeg"}],"twitter_card":"summary_large_image","twitter_misc":{"Cena":"17,00&nbsp;&#122;&#322;","Availability":"In stock"},"schema":{"@context":"https:\/\/schema.org","@graph":[{"@type":"WebPage","@id":"https:\/\/fundacjaprzyjdz.pl\/sklep\/produkt\/drewniana-szopka-sztaluga-ozdoba\/","url":"https:\/\/fundacjaprzyjdz.pl\/sklep\/produkt\/drewniana-szopka-sztaluga-ozdoba\/","name":"Drewniana szopka na sztaludze - Sklep Fundacji Przyjd\u017a","isPartOf":{"@id":"https:\/\/fundacjaprzyjdz.pl\/sklep\/#website"},"primaryImageOfPage":{"@id":"https:\/\/fundacjaprzyjdz.pl\/sklep\/produkt\/drewniana-szopka-sztaluga-ozdoba\/#primaryimage"},"image":{"@id":"https:\/\/fundacjaprzyjdz.pl\/sklep\/produkt\/drewniana-szopka-sztaluga-ozdoba\/#primaryimage"},"thumbnailUrl":"https:\/\/fundacjaprzyjdz.pl\/sklep\/wp-content\/uploads\/2024\/11\/Szopka_kartka-entry.jpg","datePublished":"2024-11-05T06:57:53+00:00","dateModified":"2024-12-16T15:00:12+00:00","breadcrumb":{"@id":"https:\/\/fundacjaprzyjdz.pl\/sklep\/produkt\/drewniana-szopka-sztaluga-ozdoba\/#breadcrumb"},"inLanguage":"pl-PL","potentialAction":[{"@type":"ReadAction","target":["https:\/\/fundacjaprzyjdz.pl\/sklep\/produkt\/drewniana-szopka-sztaluga-ozdoba\/"]}]},{"@type":"ImageObject","inLanguage":"pl-PL","@id":"https:\/\/fundacjaprzyjdz.pl\/sklep\/produkt\/drewniana-szopka-sztaluga-ozdoba\/#primaryimage","url":"https:\/\/fundacjaprzyjdz.pl\/sklep\/wp-content\/uploads\/2024\/11\/Szopka_kartka-entry.jpg","contentUrl":"https:\/\/fundacjaprzyjdz.pl\/sklep\/wp-content\/uploads\/2024\/11\/Szopka_kartka-entry.jpg","width":800,"height":800,"caption":"Szopka_kartka"},{"@type":"BreadcrumbList","@id":"https:\/\/fundacjaprzyjdz.pl\/sklep\/produkt\/drewniana-szopka-sztaluga-ozdoba\/#breadcrumb","itemListElement":[{"@type":"ListItem","position":1,"name":"Strona g\u0142\u00f3wna","item":"https:\/\/fundacjaprzyjdz.pl\/sklep\/"},{"@type":"ListItem","position":2,"name":"Wszystkie produkty","item":"https:\/\/fundacjaprzyjdz.pl\/sklep\/wszystkie-produkty\/"},{"@type":"ListItem","position":3,"name":"Drewniana szopka na&nbsp;sztaludze"}]},{"@type":"WebSite","@id":"https:\/\/fundacjaprzyjdz.pl\/sklep\/#website","url":"https:\/\/fundacjaprzyjdz.pl\/sklep\/","name":"Sklep Fundacji Przyjd\u017a","description":"Ozdoby z drewna i nie tylko","publisher":{"@id":"https:\/\/fundacjaprzyjdz.pl\/sklep\/#organization"},"potentialAction":[{"@type":"SearchAction","target":{"@type":"EntryPoint","urlTemplate":"https:\/\/fundacjaprzyjdz.pl\/sklep\/?s={search_term_string}"},"query-input":{"@type":"PropertyValueSpecification","valueRequired":true,"valueName":"search_term_string"}}],"inLanguage":"pl-PL"},{"@type":"Organization","@id":"https:\/\/fundacjaprzyjdz.pl\/sklep\/#organization","name":"Sklep Fundacji \"Przyjd\u017a\"","url":"https:\/\/fundacjaprzyjdz.pl\/sklep\/","logo":{"@type":"ImageObject","inLanguage":"pl-PL","@id":"https:\/\/fundacjaprzyjdz.pl\/sklep\/#\/schema\/logo\/image\/","url":"https:\/\/fundacjaprzyjdz.pl\/sklep\/wp-content\/uploads\/2021\/12\/FavIco.jpg","contentUrl":"https:\/\/fundacjaprzyjdz.pl\/sklep\/wp-content\/uploads\/2021\/12\/FavIco.jpg","width":512,"height":512,"caption":"Sklep Fundacji \"Przyjd\u017a\""},"image":{"@id":"https:\/\/fundacjaprzyjdz.pl\/sklep\/#\/schema\/logo\/image\/"},"sameAs":["https:\/\/www.facebook.com\/fundacjaprzyjdz\/","https:\/\/www.instagram.com\/fundacja.przyjdz\/"]}]},"product_price_amount":"17.00","product_price_currency":"PLN","og_availability":"instock","product_availability":"instock","product_condition":"new"},"_links":{"self":[{"href":"https:\/\/fundacjaprzyjdz.pl\/sklep\/wp-json\/wp\/v2\/product\/10151","targetHints":{"allow":["GET"]}}],"collection":[{"href":"https:\/\/fundacjaprzyjdz.pl\/sklep\/wp-json\/wp\/v2\/product"}],"about":[{"href":"https:\/\/fundacjaprzyjdz.pl\/sklep\/wp-json\/wp\/v2\/types\/product"}],"replies":[{"embeddable":true,"href":"https:\/\/fundacjaprzyjdz.pl\/sklep\/wp-json\/wp\/v2\/comments?post=10151"}],"wp:featuredmedia":[{"embeddable":true,"href":"https:\/\/fundacjaprzyjdz.pl\/sklep\/wp-json\/wp\/v2\/media\/10183"}],"wp:attachment":[{"href":"https:\/\/fundacjaprzyjdz.pl\/sklep\/wp-json\/wp\/v2\/media?parent=10151"}],"wp:term":[{"taxonomy":"product_brand","embeddable":true,"href":"https:\/\/fundacjaprzyjdz.pl\/sklep\/wp-json\/wp\/v2\/product_brand?post=10151"},{"taxonomy":"product_cat","embeddable":true,"href":"https:\/\/fundacjaprzyjdz.pl\/sklep\/wp-json\/wp\/v2\/product_cat?post=10151"},{"taxonomy":"product_tag","embeddable":true,"href":"https:\/\/fundacjaprzyjdz.pl\/sklep\/wp-json\/wp\/v2\/product_tag?post=10151"}],"curies":[{"name":"wp","href":"https:\/\/api.w.org\/{rel}","templated":true}]}}